{"id":10,"date":"2020-03-08T11:18:13","date_gmt":"2020-03-08T11:18:13","guid":{"rendered":"http:\/\/gabonalabor.hu\/?page_id=10"},"modified":"2026-03-19T12:46:54","modified_gmt":"2026-03-19T12:46:54","slug":"muszerforgalmazas","status":"publish","type":"page","link":"https:\/\/gabonalabor.hu\/index.php\/muszerforgalmazas\/","title":{"rendered":"M\u0171szerforgalmaz\u00e1s"},"content":{"rendered":"\n<p>Laborat\u00f3riumunk v\u00e1llalja laborat\u00f3riumok  felszerel\u00e9s\u00e9t, be\u00fczemel\u00e9s\u00e9t, laborat\u00f3riumi m\u00e9r\u00e9sek betan\u00edt\u00e1s\u00e1t, m\u00e9r\u00e9si eredm\u00e9nyek megad\u00e1s\u00e1t, dokument\u00e1l\u00e1s\u00e1t, bels\u0151 audit v\u00e9gz\u00e9s\u00e9t.<\/p>\n\n\n\n<p>Forgalmazott gyors nedvess\u00e9gm\u00e9r\u0151k:<\/p>\n\n\n\n<p><a href=\"https:\/\/kett.com\/proddetail.php?prod=PM450\" target=\"_blank\" rel=\"noreferrer noopener\" aria-label=\" (opens in a new tab)\">Kett<\/a><br><a rel=\"noreferrer noopener\" aria-label=\"Drami\u0148ski  grain moisture meter (opens in a new tab)\" href=\"https:\/\/www.draminski.com\/agri\/moisture-meters\/draminski-gmm-mini\/\" target=\"_blank\">Drami\u0148ski<\/a><br><a rel=\"noreferrer noopener\" aria-label=\"Pfeuffer (opens in a new tab)\" href=\"https:\/\/www.pfeuffer.com\/products\/moisture-and-analysis\" target=\"_blank\">Pfeuffer<\/a><br><a href=\"https:\/\/www.infracont.com\/termekek\" target=\"_blank\" rel=\"noreferrer noopener\" aria-label=\"Infracont (opens in a new tab)\">Infracont<\/a><\/p>\n\n\n\n<p>Laborat\u00f3riumunk v\u00e1llalja valamennyi t\u00edpus\u00fa nedvess\u00e9gm\u00e9r\u0151 jav\u00edttat\u00e1s\u00e1t, kieg\u00e9sz\u00edt\u0151k p\u00f3tl\u00e1s\u00e1t.<\/p>\n","protected":false},"excerpt":{"rendered":"<p>Laborat\u00f3riumunk v\u00e1llalja laborat\u00f3riumok felszerel\u00e9s\u00e9t, be\u00fczemel\u00e9s\u00e9t, laborat\u00f3riumi m\u00e9r\u00e9sek betan\u00edt\u00e1s\u00e1t, m\u00e9r\u00e9si eredm\u00e9nyek megad\u00e1s\u00e1t, dokument\u00e1l\u00e1s\u00e1t, bels\u0151 audit v\u00e9gz\u00e9s\u00e9t. Forgalmazott gyors nedvess\u00e9gm\u00e9r\u0151k: KettDrami\u0148skiPfeufferInfracont Laborat\u00f3riumunk v\u00e1llalja valamennyi t\u00edpus\u00fa nedvess\u00e9gm\u00e9r\u0151 jav\u00edttat\u00e1s\u00e1t, kieg\u00e9sz\u00edt\u0151k p\u00f3tl\u00e1s\u00e1t.<\/p>\n","protected":false},"author":1,"featured_media":0,"parent":0,"menu_order":0,"comment_status":"closed","ping_status":"closed","template":"","meta":{"footnotes":""},"class_list":["post-10","page","type-page","status-publish","hentry"],"_links":{"self":[{"href":"https:\/\/gabonalabor.hu\/index.php\/wp-json\/wp\/v2\/pages\/10","targetHints":{"allow":["GET"]}}],"collection":[{"href":"https:\/\/gabonalabor.hu\/index.php\/wp-json\/wp\/v2\/pages"}],"about":[{"href":"https:\/\/gabonalabor.hu\/index.php\/wp-json\/wp\/v2\/types\/page"}],"author":[{"embeddable":true,"href":"https:\/\/gabonalabor.hu\/index.php\/wp-json\/wp\/v2\/users\/1"}],"replies":[{"embeddable":true,"href":"https:\/\/gabonalabor.hu\/index.php\/wp-json\/wp\/v2\/comments?post=10"}],"version-history":[{"count":6,"href":"https:\/\/gabonalabor.hu\/index.php\/wp-json\/wp\/v2\/pages\/10\/revisions"}],"predecessor-version":[{"id":120,"href":"https:\/\/gabonalabor.hu\/index.php\/wp-json\/wp\/v2\/pages\/10\/revisions\/120"}],"wp:attachment":[{"href":"https:\/\/gabonalabor.hu\/index.php\/wp-json\/wp\/v2\/media?parent=10"}],"curies":[{"name":"wp","href":"https:\/\/api.w.org\/{rel}","templated":true}]}}