{"id":11,"date":"2020-03-08T11:18:13","date_gmt":"2020-03-08T11:18:13","guid":{"rendered":"http:\/\/gabonalabor.hu\/?page_id=11"},"modified":"2026-03-19T12:45:36","modified_gmt":"2026-03-19T12:45:36","slug":"nir-nit-muszer-kalibralas","status":"publish","type":"page","link":"https:\/\/gabonalabor.hu\/index.php\/nir-nit-muszer-kalibralas\/","title":{"rendered":"NIR\/NIT m\u0171szer kalibr\u00e1l\u00e1s"},"content":{"rendered":"\n<p>A NIR\/NIT spektroszk\u00f3pia olyan fiziko-k\u00e9miai elven alapul\u00f3 m\u00e9r\u00e9si m\u00f3dszer, amellyel a k\u00f6zeli infrav\u00f6r\u00f6s hull\u00e1mhossza tartom\u00e1nyban \u2013 800 \u00f7 2500 mm k\u00f6z\u00f6tt \u2013 a vizsg\u00e1land\u00f3 anyagr\u00f3l visszaver\u0151d\u00f6tt, vagy azon \u00e1thatolt sug\u00e1rz\u00e1s intenzit\u00e1s\u00e1t megm\u00e9rve, a minta \u00f6sszet\u00e9tele meghat\u00e1rozhat\u00f3.<\/p>\n\n\n\n<p>NIR\/NIT gyorselemz\u0151 olyan spektroszk\u00f3piai elven m\u0171k\u00f6d\u0151 m\u0171szer, amellyel \u2013 megfelel\u0151 beszab\u00e1lyoz\u00e1s ut\u00e1n \u2013 a minta egy, vagy t\u00f6bb \u00f6sszetev\u0151je egyidej\u0171leg meghat\u00e1rozhat\u00f3.<\/p>\n\n\n\n<p>Kalibr\u00e1l\u00e1s: A term\u00e9nyenk\u00e9nti mintasorozattal a m\u00e9r\u00e9st el kell v\u00e9gezni szabv\u00e1nyos k\u00e9miai m\u00f3dszerrel \u00e9s a kalibr\u00e1land\u00f3 m\u00e9r\u0151eszk\u00f6zzel is. Meg kell hat\u00e1rozni a szabv\u00e1nyos m\u00e9r\u00e9s \u00e9s a m\u0171szeres m\u00e9r\u00e9s eredm\u00e9nyei k\u00f6z\u00f6tti elt\u00e9r\u00e9st. A sz\u00fcks\u00e9ges korrekci\u00f3t v\u00e9ge kell hajtani.<\/p>\n\n\n\n<p>Laborat\u00f3riumunk v\u00e1llalja valamennyi NIR\/NIT tipus\u00fa k\u00e9sz\u00fcl\u00e9kek kalibr\u00e1l\u00e1s\u00e1t b\u00faza, \u00e1rpa, repce, kukorica, liszt \u00e9s egy\u00e9b term\u00e9ny m\u00e9r\u00e9s\u00e9re.<\/p>\n","protected":false},"excerpt":{"rendered":"<p>A NIR\/NIT spektroszk\u00f3pia olyan fiziko-k\u00e9miai elven alapul\u00f3 m\u00e9r\u00e9si m\u00f3dszer, amellyel a k\u00f6zeli infrav\u00f6r\u00f6s hull\u00e1mhossza tartom\u00e1nyban \u2013 800 \u00f7 2500 mm k\u00f6z\u00f6tt \u2013 a vizsg\u00e1land\u00f3 anyagr\u00f3l visszaver\u0151d\u00f6tt, vagy azon \u00e1thatolt sug\u00e1rz\u00e1s intenzit\u00e1s\u00e1t megm\u00e9rve, a minta \u00f6sszet\u00e9tele meghat\u00e1rozhat\u00f3. NIR\/NIT gyorselemz\u0151 olyan spektroszk\u00f3piai elven m\u0171k\u00f6d\u0151 m\u0171szer, amellyel \u2013 megfelel\u0151 beszab\u00e1lyoz\u00e1s ut\u00e1n \u2013 a minta egy, vagy t\u00f6bb \u00f6sszetev\u0151je &hellip; <a href=\"https:\/\/gabonalabor.hu\/index.php\/nir-nit-muszer-kalibralas\/\" class=\"more-link\">Continue reading <span class=\"screen-reader-text\">NIR\/NIT m\u0171szer kalibr\u00e1l\u00e1s<\/span><\/a><\/p>\n","protected":false},"author":1,"featured_media":0,"parent":0,"menu_order":0,"comment_status":"closed","ping_status":"closed","template":"","meta":{"footnotes":""},"class_list":["post-11","page","type-page","status-publish","hentry"],"_links":{"self":[{"href":"https:\/\/gabonalabor.hu\/index.php\/wp-json\/wp\/v2\/pages\/11","targetHints":{"allow":["GET"]}}],"collection":[{"href":"https:\/\/gabonalabor.hu\/index.php\/wp-json\/wp\/v2\/pages"}],"about":[{"href":"https:\/\/gabonalabor.hu\/index.php\/wp-json\/wp\/v2\/types\/page"}],"author":[{"embeddable":true,"href":"https:\/\/gabonalabor.hu\/index.php\/wp-json\/wp\/v2\/users\/1"}],"replies":[{"embeddable":true,"href":"https:\/\/gabonalabor.hu\/index.php\/wp-json\/wp\/v2\/comments?post=11"}],"version-history":[{"count":3,"href":"https:\/\/gabonalabor.hu\/index.php\/wp-json\/wp\/v2\/pages\/11\/revisions"}],"predecessor-version":[{"id":115,"href":"https:\/\/gabonalabor.hu\/index.php\/wp-json\/wp\/v2\/pages\/11\/revisions\/115"}],"wp:attachment":[{"href":"https:\/\/gabonalabor.hu\/index.php\/wp-json\/wp\/v2\/media?parent=11"}],"curies":[{"name":"wp","href":"https:\/\/api.w.org\/{rel}","templated":true}]}}